git of f?
7
Let x(r) = 2*r**2 - r + 35. Let z = -33 - -24. What is the tens digit of x(z)?
0
Let p be 2/9 + (-408)/(-108). Suppose -p*j + 285 = -87. What is the units digit of j?
3
Let z = 763 + 21. What is the hundreds digit of z?
7
Let o be 2/6*24/(-2). What is the units digit of (19 + -3)/o - 170/(-1)?
6
Suppose 11*p - 5*d - 726 = 9*p, -3*p - d + 1089 = 0. Let s = p - 244. What is the tens digit of s?
1
Suppose -2*r - 5*r = -21. Let n be 3*(r - (-40)/12). What is the tens digit of n*(-2 - -3 - 0)?
1
Suppose -2666 = 100*k - 102*k + 2*d, -3999 = -3*k - 2*d. What is the tens digit of k?
3
Let u be -3 - -46*(2 - 1)*1. Suppose -4*p = 4*q - 212, 0 = p + 5*q - u + 6. What is the tens digit of p?
5
Suppose 5*u + 3*l = 338, -3*u + 2*l = -106 - 93. Let y = -24 + u. Let k = -5 + y. What is the tens digit of k?
3
Let u(n) = 5*n**2 - 8*n + 11. Suppose -3*f + 13 = -v, 8*f - 3*f = -v + 35. Let p be u(f). Let l = 203 - p. What is the tens digit of l?
6
Let c = -14 + 48. Let b be (-4)/(-6)*(6 - 3). Suppose -b*x + 28 = -c. What is the units digit of x?
1
Let n = -396 + 584. Suppose 5*q + 2*p = 202, 2*p + n = 4*q - 3*p. What is the units digit of q?
2
Let c(a) = 5*a**2 + 28*a - 131. What is the hundreds digit of c(-26)?
5
Let v(k) = 4*k + 18 + 10*k**3 - 14*k**2 - 28*k - 11*k**2. Let z(h) = 3*h**3 - 8*h**2 - 8*h + 6. Let j(d) = 2*v(d) - 7*z(d). What is the units digit of j(6)?
2
Suppose -v = -3*v - 22. Let d(g) = -5*g + 18. What is the tens digit of d(v)?
7
Let d(c) = -c**2 - 5*c - 10. Let z be d(-2). What is the tens digit of (2/z)/(1/4) - -70?
6
Let z(m) be the third derivative of m**6/120 - m**5/6 + 5*m**4/24 - 5*m**3/6 - 3*m**2. What is the tens digit of z(10)?
4
Suppose -2*d + 3*q + 9 = 0, -7*q - 20 = -5*d - 2*q. Suppose 2*t = m - 2*t - 13, -d*m + 2*t = -59. What is the units digit of m?
1
Let k(h) = -2*h**2 + 21*h - 27. Let w be k(9). Suppose -4*y = -w*y - 1288. What is the units digit of y?
2
Let a(o) = -o**2 + 9*o + 6. Let g(w) = -w**2 + 4*w + 21. Let r be g(6). What is the units digit of a(r)?
6
Let u(q) = q**2 + 4*q - 7. Let b be u(-5). Let x be b - (0/1 - 10). Let i = 18 - x. What is the units digit of i?
0
Suppose 0 = -4*h + n + n - 970, 0 = -4*n - 20. Let d = h - -376. What is the hundreds digit of d?
1
Suppose -t - 1 - 8 = 0. Let r(q) = -2*q**2 - 25*q - 17. Let u(s) = -s**2 - 12*s - 8. Let b(l) = -2*r(l) + 5*u(l). What is the units digit of b(t)?
3
Let h be 23/((1 + 0)*(-2)/(-6)). What is the units digit of (-4 - h)*(-3)/(3/1)?
3
What is the tens digit of 12/60 + (-6198)/(-10)?
2
Let q = 9360 - 5634. What is the thousands digit of q?
3
Let k(a) = a + 12. Suppose -2*s - 164 + 528 = 0. Let g be 2/(-3) + s/21. What is the units digit of k(g)?
0
Suppose 2*z - 367 = 447. What is the units digit of z?
7
Let m = -6 - -18. Let u(a) = a**3 - 12*a**2 + 11*a - 7. What is the tens digit of u(m)?
2
Let t(b) = 3*b**2 - 9*b - 20. What is the hundreds digit of t(16)?
6
Let x be ((-2)/(-3))/((-4)/(-12)). Suppose 9 = -3*q, -2*q = -o - x*o + 18. Suppose 0 = 2*k - o, -5*j + 54 = -4*j + 3*k. What is the units digit of j?
8
Suppose 3*h - 2*y - 32 = 0, 2*h + 3*y - 32 = -y. Let r(q) = q**2 + q + 17. What is the units digit of r(h)?
3
Let p = 11366 + -4933. What is the tens digit of p?
3
Let i = 41 - 37. Suppose 0 = 5*z - t - 302, -4*z - 146 = i*t - 402. What is the units digit of z?
1
Let p be ((-10)/4)/((-3)/36). Suppose 5*j = m - 108 + p, -346 = -5*m + 3*j. What is the units digit of m?
8
Let u(r) = 209*r**3 + r**2 + 5*r - 11. What is the units digit of u(2)?
5
Suppose -6*l + 592 = -578. Suppose -887 = -8*d + 3*d + 3*f, l = d - 5*f. What is the tens digit of d?
7
What is the thousands digit of (37328/42 - (-100)/175)*3?
2
Let g(n) = 89*n + 3. Let o be g(-7). What is the tens digit of (o/25)/((1/5)/(-1))?
2
Let k = 268 - 251. What is the units digit of k?
7
Suppose -2*c = -11*f + 15*f - 3752, 4679 = 5*f - 3*c. What is the units digit of f?
7
Suppose 14*t = 7*t + 308. Let b = -6 - -8. Suppose -32 = -b*h + t. What is the units digit of h?
8
What is the tens digit of 1030*((-28)/(-10))/7?
1
Suppose -a = 5*s - 119, -4*a = -s - a + 27. What is the units digit of s?
4
Let r(a) = 2*a + 8. Let l be r(-2). Suppose 0 = -2*s + 2*x + 8, 4*s + 2 + 18 = -5*x. Suppose h + s*g = -2*g, -l*h = 3*g - 25. What is the tens digit of h?
1
Let a(w) = -w**3 - 10*w**2 + 17*w - 7. Let i be a(-12). Suppose -i = -3*p + 115. Suppose -2*f - b - p = -7*f, -b = -2*f + 25. What is the units digit of f?
3
Suppose -13*y - 80 = -5*y. Let d(b) = b**3 + 10*b**2 - 4*b - 11. What is the tens digit of d(y)?
2
Suppose -5*x + 23 = -42. Let p(y) = 0 - 1 - 2 + x*y. What is the tens digit of p(3)?
3
Let a be 6/(-15) + (-96)/(-15). Let g = -28 - -70. What is the units digit of 0 + g/(a + -3)?
4
Let t(q) = q**2 - 3*q - 3. Suppose 6*u = 5*u - 3*j - 15, -3*j = 2*u + 24. Let s be (-3)/(-1*u/(-12)). What is the units digit of t(s)?
1
What is the hundreds digit of 18/207 + 12441/23?
5
Suppose 23*w - 1044 = 1785. What is the units digit of w?
3
Let o = 9 + -7. Suppose 35 + 37 = o*p. Let a = p + -13. What is the tens digit of a?
2
Let z(p) = p**3 + 6*p**2 + p + 13. Let m be z(-6). Let s be m/4 + 4/16. Suppose -s*q + 47 = 2*g - g, -4*q + 2*g = -74. What is the tens digit of q?
2
Let j be ((-78)/(-12))/((-2)/(-28)). Let h = j + -43. What is the tens digit of h?
4
Let w(f) = 2*f**2 - 2*f - 1. Let b be w(2). Suppose -b*j + 6*j + 20 = 4*r, 4*r = -j + 20. Suppose 61 = r*v - 44. What is the tens digit of v?
2
Let d(p) = p**3 + 2*p**2 - p - 1. Suppose -5*f - 4*v - 27 = 7, -f + 4*v - 2 = 0. Let w = f - -4. What is the units digit of d(w)?
1
Let m(s) = 11*s**3 - s**2 - s + 1. Let r be m(1). Let z be (6 - 11)*(-4)/r. Suppose 0 = 2*k + z - 14. What is the units digit of k?
6
Suppose 0 = 13*i + 985 + 614. Let p = 292 + i. What is the tens digit of p?
6
Suppose -2*d = -2*o + 6, 4*d + 0*d - 28 = -4*o. Suppose 0 = -b + o*x + 26, 3*b - 2*x - 2 = -6*x. What is the units digit of b?
6
What is the thousands digit of 30/(-3)*9645/(-30)?
3
Suppose 2*h - 8 = 4. Let v be 33/h*(2 + 0). Let n = v - 1. What is the units digit of n?
0
Suppose 5*v - 4 = 3*v. Let n(q) = -3*q + q - 2*q + q**2 + 3 + 2*q. What is the units digit of n(v)?
3
Let k be -238 - 6 - 4/1. Let r = 429 + k. What is the tens digit of r?
8
Let x(z) = -z + 8. Let f be x(9). What is the tens digit of f*3 - (-528)/11?
4
Let z be (-2)/5 - (-16)/40. Let s be (-3)/(-1) - z - 3. Suppose s = 5*w + 15 - 145. What is the units digit of w?
6
Let q(k) = k**2 + 21*k + 13. Let t be q(-17). What is the tens digit of (-3476)/t + 8/10?
6
Let z be 13 + -9 - 6*1. Let o be 4 + -2*(-51 + z). Let c = o - 64. What is the units digit of c?
6
Suppose -5*k + 2*b + 377 = 0, 3*b + 91 + 212 = 4*k. What is the tens digit of k?
7
Let b(u) = 4354*u**3 - u**2 - 8*u + 9. What is the units digit of b(1)?
4
Let w be (-10)/(-6) - (1 - (-16)/(-12)). Suppose -428 = -5*k - w*q + 58, k = 3*q + 104. What is the tens digit of k?
9
Suppose 3*n - 600 = -5*m + 249, -m - 566 = -2*n. What is the tens digit of n?
8
Let k be -3 - (-5)/(20/24). Suppose -2*h - 3*h = 3*q, 0 = k*q - 3*h. Suppose q = 4*l + 16, 4*l = 3*a + a - 124. What is the units digit of a?
7
Let r = 654 - 302. What is the hundreds digit of r?
3
Let k(y) = 2*y**3 + 11*y**2 + 13*y - 4. Let p(g) = -g**3 - 6*g**2 - 7*g + 2. Suppose s - 33 = -2*s. Let d(x) = s*p(x) + 6*k(x). What is the units digit of d(2)?
8
Let w(p) = 3*p**2 + 7*p - 3. Suppose -2*a - 2*a + 20 = 0. What is the hundreds digit of w(a)?
1
Let c = -5 + -10. Let x be (24/c)/(2/(-5)). Suppose -x*h + 45 = -71. What is the units digit of h?
9
Let v(m) = -m + 12. Let x be v(9). Suppose -x*b = 2*i + 3*i - 186, 170 = 5*i - 5*b. Let g = i - 24. What is the units digit of g?
2
Let h be 2/(-8) + (-21)/(-4). Suppose -1906*p + 1899*p - 140 = 0. What is the tens digit of 242/h - (-8)/p?
4
Suppose -5*v = -2*v - 6. Suppose -r + 30 = v*r. Let n = r - 5. What is the units digit of n?
5
Let g be ((-12)/14)/((-21)/98). Suppose 0 = g*l - v - 20, -4*l + 2*v + 13 = -7. Suppose -2*x = -l*d + 12, 3*d + 4 = -2*x + 6*x. What is the units digit of d?
4
Let x = -23 + 35. Suppose x*h + 66 = 14*h. What is the units digit of h?
3
What is the hundreds digit of (26/(-5))/(980/(-325) + 3)?
3
Let q = -221 + 536. What is the tens digit of 